- 1552 + 7. List the prime factors of n.
3, 5, 17
Suppose 0 = -59*c + 92149 + 71281. List the prime factors of c.
2, 5, 277
Let s(r) = r**3 + 17*r**2 + 9*r - 5. Let c(v) = -4*v + 26. Let m be c(-18). Let d be (16/4)/12 - m/6. List the prime factors of s(d).
107
Suppose 246*x - 25 = 241*x, 2*x + 22241 = 3*o. List the prime factors of o.
7417
List the prime factors of 31 + 1019 - (-12)/(-5 - -1).
3, 349
Suppose 0 = 3*p - 0*p - 15, 11 = -2*x + p. Let g be (x*(-8)/12)/(4/(-2)). Let o(a) = 26*a**2 + 3*a + 3. List the prime factors of o(g).
2, 13
Let g = 1074 - -2926. What are the prime factors of g?
2, 5
Suppose 477 + 118 = 7*x. Let i = -40 + x. Suppose i*d - 390 = 39*d. List the prime factors of d.
5, 13
Let l(y) be the third derivative of 11*y**5/10 + 5*y**4/24 + 114*y**2. What are the prime factors of l(-2)?
2, 127
Suppose 4*j - 9*j + 1485 = 0. Suppose 0 = 2*p + 5*x - j, 2*p - 4*x = 36 + 252. Suppose -p = -3*s - w, s + w - 2*w - 50 = 0. List the prime factors of s.
7
Let r be 3 + -4 + 4 + 0. Suppose -4*v + 13 = r*g, 0 = -5*g - 3*v + 1 + 6. List the prime factors of (-7*(8 + -1))/(-2 - g).
7
Suppose 2*s - 73853 = 5*b, 23295 = 3*s - 4*b - 87481. List the prime factors of s.
2, 3, 17, 181
Suppose 15*b - 6*b = 288. List the prime factors of (-674)/3*(29 - b).
2, 337
Let g be (-7)/(4 + -3) + 9. List the prime factors of (-1*125/10 - g)*-10.
5, 29
Suppose o = v - 3, 10*v - 8*v + 18 = -4*o. Let q(k) = 104*k**2 + 13*k + 13. List the prime factors of q(v).
2, 13
Suppose 2*p - p = -a + 10820, -4*p - 24 = 0. List the prime factors of a.
2, 5413
Suppose -130193 = -29*u + 9*u + 47247. What are the prime factors of u?
2, 1109
Suppose -4*s + 5*t + 321 = 0, -7*t - 15 = -4*t. Let w = 199 + -72. Suppose -2*u + w = -3*z, 5*u - 3*z - s = 266. List the prime factors of u.
71
Let b(j) = -j**3 + 16*j**2 - 12*j + 11. Suppose 5*t = -3*h + 31 - 3, 4*t = -5*h + 25. Let n be -30*h/6*-3. List the prime factors of b(n).
2, 7
Let z(y) = 52*y**3 + 121*y**2 - 902*y + 11. List the prime factors of z(8).
23, 1181
Let a(g) = g**3 - g**2 + g + 1. Let f(t) = 14*t**3 - 8*t**2 - 13*t - 54. Let v(s) = 2*a(s) - f(s). List the prime factors of v(-4).
2, 5, 43
Suppose 2*d + 5*u - 25753 = 0, 0 = -180*d + 179*d - 3*u + 12879. What are the prime factors of d?
2, 3, 67
Let m(d) = -11*d + 35. Let f be m(4). List the prime factors of 1/f - (-194672)/828.
5, 47
Let i(f) = 2*f**3 - 7*f**2 + 5*f + 3. Let x be 90/(-5)*(10/6 + -2). Suppose 2 = -x*j + 26. List the prime factors of i(j).
3, 13
Let o = 16263 + -10714. What are the prime factors of o?
31, 179
Let r(w) be the first derivative of -w**2 - 3*w - 99. What are the prime factors of r(-39)?
3, 5
Suppose -4*g - 4*n = 292, -1 = 4*n + 7. Let c = g + -4. List the prime factors of 1382/6 + 25/c.
2, 5, 23
Suppose -2*h + 16815 = 5*o, 4*o - 14743 = 7*h - 1248. List the prime factors of o.
5, 673
What are the prime factors of (-20)/100*(-82256 + 1)?
16451
Let v be (2 + (-56)/21)/(1/(-12)). Let f(n) = n**3 - 7*n**2 - 8*n - 19. Let w be f(v). Let r = 87 - w. List the prime factors of r.
2, 53
Let g be 6*(266/6 + 1). Let x = 228 + g. List the prime factors of x.
2, 5
Suppose -8*j = -3*j - 460. Suppose -3*b + 5*t - 14 - 121 = 0, -4*t = 4*b + 180. Let s = b + j. List the prime factors of s.
47
Let a = 1906 + 15054. What are the prime factors of a?
2, 5, 53
Suppose -141 = -6*u - 129. Suppose -u*j + 2 = 0, -m + 3*j + 798 = -18. List the prime factors of m.
3, 7, 13
Suppose z + 26 = 4*d + 3*z, -d - z + 8 = 0. Suppose -3*k - d = -8. Suppose -4 = -b - 2, 3*n - 4*b = k. List the prime factors of n.
3
Suppose -1859559 - 511811 = -59*x - 402068. List the prime factors of x.
2, 3, 5563
Suppose 8*g = 879 - 63. Let d(h) = -9*h - 1. Let o be d(-1). Suppose -o*l = -14*l + g. List the prime factors of l.
17
Suppose -26657 = -4*v - 3*u, 7*v = -517*u + 516*u + 46620. What are the prime factors of v?
6659
Let a = -59 + 45. Let h be 14/(-49) + 374/a + 3. What are the prime factors of (-39)/(-2)*(-32)/h?
2, 13
Suppose -2*s + 8*s = -36. Let b be s/(-30) + (-16)/5 - -4. Suppose 3 = -t + 3*y - 0, -t + b = -y. List the prime factors of t.
3
Suppose 26*i = 21*i - 3*h + 212247, 4*i - 169772 = 4*h. List the prime factors of i.
3, 14149
Let w be (-10)/5*(5 - 7). Suppose -2*b - 8 = -4*b. Suppose -b*q - 2*x + 126 = 0, -w*q + 2*x + 123 = x. List the prime factors of q.
31
Let q = -730 - -22647. List the prime factors of q.
7, 31, 101
Let o be 224/10 - (-6)/(-15). Let i = -20 + o. Suppose 0 = i*a - 92. What are the prime factors of a?
2, 23
Let f = 1744 - -223. List the prime factors of f.
7, 281
Let k(g) = -g**3 + 32*g**2 + 14*g + 513. List the prime factors of k(24).
3, 17, 107
Let t = 928 + -476. Suppose 0*a + 2*a + 3*n = t, 4*n + 237 = a. Let x = 343 - a. List the prime factors of x.
2, 3, 19
Let i be 370/6 + 10/390*13. What are the prime factors of (i - 69) + 240 + 1?
2, 3, 13
Let z(p) = -3*p - 48. Let l be z(-17). Let u = 34 + -30. What are the prime factors of (l - -19)/(-2)*(-1 - u)?
5, 11
Suppose -3*c = -2*b - 22448, 4*c - 106*b - 29940 = -101*b. What are the prime factors of c?
2, 5, 11, 17
Let c be 4/(-6) - 49140/(-81). Let z = -143 + c. What are the prime factors of z?
463
Let w be -2 - (-3 + -1 + -43). Suppose 0 = -5*g + w + 25. What are the prime factors of 0 + 0 + (g - -20)?
2, 17
Let n(x) = 288*x - 78. Let b be n(-3). Let a = 2152 + b. What are the prime factors of a?
2, 5, 11
Let t = -79 - -62. Let p(s) = s**2 + 17*s + 2. Let n be p(t). Suppose -6*m = n*m - 608. List the prime factors of m.
2, 19
Let g = -25 - -28. Suppose g*t = 23 - 8, 4*t = x + 18. List the prime factors of 10/(-5) + (x - -26).
2, 13
Suppose -5*h = -333 - 547. Suppose 2*u - 2*q - 2 = 0, -3*u + 17 = 7*q + 4. Suppose t - 379 = -4*z - 4*t, 0 = u*z - 2*t - h. What are the prime factors of z?
7, 13
Let j = -217 - -217. Suppose 2*s = -3 + 1, j = 3*n + 4*s - 464. What are the prime factors of n?
2, 3, 13
Let l(i) = 8*i + 13*i - 14*i**3 - 3*i**2 + 12*i**3 + 53 - 4*i**2 + 0*i. List the prime factors of l(-8).
461
Suppose 1154991 = 43088*c - 43065*c. What are the prime factors of c?
3, 19, 881
List the prime factors of ((-64376)/(-10))/(-16 + -189*(-42)/490).
2, 13, 619
Let w be (1 - 1/2)*(-6 + 764). Let u = w + -182. What are the prime factors of u?
197
Let c be ((-4)/10)/(448/(-40) - -11). Let l(j) = 48*j - 6 + 8*j + 5. What are the prime factors of l(c)?
3, 37
Suppose 0 = -4*y - 4*a - 248, 4*a + 12 = -2*y - 122. Let t = y - -65. List the prime factors of (-6 + 181)*t/10.
2, 5, 7
Let g(v) = -843*v - 2945. What are the prime factors of g(-10)?
5, 1097
Let m(w) be the first derivative of w**4/2 - 2*w**3/3 + w**2/2 - 2. Let b be m(1). Let c(j) = 94*j. What are the prime factors of c(b)?
2, 47
Let d(n) = 11*n**2 - 5*n + 6. Let x be 4*12/16 + 14. Let j(y) = -y**3 + 17*y**2 + y - 15. Let r be j(x). List the prime factors of d(r).
2, 5
Let a be (-28 - -25)/((-6)/(-26)). Let x(f) = f**3 + 14*f**2 + 14*f - 4. Let q be x(a). What are the prime factors of (q/2)/((-5)/30)?
3, 17
Let a be 15255/3 - (15/(-3) + 7). Suppose -43*c - a = -56*c. List the prime factors of c.
17, 23
Let c(f) = f**3 + 5*f**2 + 21*f + 1490. List the prime factors of c(0).
2, 5, 149
Suppose -10 - 8 = -6*u. Let k(l) be the third derivative of 3*l**5/20 + l**3 - 2*l**2. What are the prime factors of k(u)?
3, 29
Suppose 35*r + 121*r - 51*r - 855330 = 0. List the prime factors of r.
2, 4073
Suppose 0 = t - 4*l - 2028, 6*t = 2*t + 3*l + 8060. Suppose -57*m + t = -53*m. List the prime factors of m.
503
Suppose -427118 - 260193 = -24*p - 205799. What are the prime factors of p?
20063
Let p(d) = -3*d - 59. Let j be p(-17). What are the prime factors of (0 + -109)/(4*j/64)?
2, 109
Suppose 0 = 3*i - 2*i - 4*r - 1, -5*i - 2*r + 27 = 0. Let x be -2*-1*5/2. Suppose -i*d = 2*k - 7*k + 115, -x*k + 87 = 2*d. List the prime factors of k.
19
Let r = -8875 - -16573. What are the prime factors of r?
2, 3, 1283
Suppose -27*f + 160566 = 2*x - 40*f, -4*x + 4*f = -321264. What are the prime factors of x?
2, 3, 11, 1217
Let c(o) = 4*o**3 + 14*o**2 + 9*o + 4. Let t be c(-2). Let f(w) = 120*w - 157. List the prime factors of f(t).
7, 149
Let x = 371 + -276. Suppose x*d - 101*d + 1440 = 0. List the prime factors of d.
2, 3, 5
Let a = -166 - -172. Suppose -a*r = -5*r - 831. 